 factor of 5815?
True
Is 48358 a multiple of 206?
False
Is 12 a factor of 1512?
True
Is 42 a factor of 1176?
True
Does 47 divide 4640?
False
Is 18 a factor of 10080?
True
Is 3 a factor of 14746?
False
Does 14 divide 92610?
True
Is 71 a factor of 13348?
True
Does 6 divide 5364?
True
Is 4046 a multiple of 34?
True
Does 37 divide 1369?
True
Is 16 a factor of 32?
True
Does 23 divide 2587?
False
Is 2153 a multiple of 23?
False
Does 101 divide 3360?
False
Does 11 divide 5445?
True
Is 470 a multiple of 10?
True
Is 90 a multiple of 9?
True
Is 6986 a multiple of 117?
False
Is 13 a multiple of 13?
True
Is 4 a factor of 631?
False
Is 23 a factor of 368?
True
Does 139 divide 19159?
False
Is 10 a factor of 4940?
True
Is 9 a factor of 576?
True
Does 13 divide 507?
True
Is 14 a factor of 294?
True
Is 19 a multiple of 19?
True
Does 11 divide 231?
True
Is 21 a factor of 1367?
False
Is 18 a factor of 5130?
True
Is 9 a factor of 9?
True
Is 41 a factor of 22825?
False
Is 13952 a multiple of 16?
True
Does 128 divide 68480?
True
Is 990 a multiple of 30?
True
Is 16 a factor of 390?
False
Is 2482 a multiple of 26?
False
Does 47 divide 3527?
False
Does 63 divide 79011?
False
Is 13 a factor of 467?
False
Is 1122 a multiple of 33?
True
Does 109 divide 14541?
False
Does 14 divide 52934?
True
Is 21 a factor of 4095?
True
Does 3 divide 240?
True
Is 6589 a multiple of 119?
False
Does 154 divide 2715?
False
Is 941 a multiple of 61?
False
Is 53 a factor of 3685?
False
Is 114 a factor of 18582?
True
Is 6 a factor of 172?
False
Is 5 a factor of 12300?
True
Is 2832 a multiple of 59?
True
Does 58 divide 18908?
True
Is 10 a factor of 1194?
False
Is 163530 a multiple of 47?
False
Is 1890 a multiple of 42?
True
Is 4608 a multiple of 48?
True
Does 14 divide 84?
True
Is 16 a factor of 3467?
False
Is 49 a factor of 3142?
False
Does 27 divide 4482?
True
Is 24 a factor of 2088?
True
Is 430 even?
True
Is 3255 a multiple of 7?
True
Does 20 divide 260?
True
Does 16 divide 1376?
True
Does 39 divide 39351?
True
Is 2716 a multiple of 3?
False
Is 90 a factor of 470?
False
Is 768 a multiple of 16?
True
Is 77 a multiple of 7?
True
Is 25 a factor of 7173?
False
Is 6 a factor of 583?
False
Is 96310 a multiple of 187?
False
Is 2879 a multiple of 19?
False
Is 26 a factor of 36?
False
Is 57 a multiple of 4?
False
Is 27 a factor of 504?
False
Is 24 a factor of 15493?
False
Is 239 a factor of 24139?
True
Does 26 divide 12330?
False
Is 10781 a multiple of 148?
False
Does 32 divide 2880?
True
Is 9 a factor of 630?
True
Is 16 a factor of 24713?
False
Does 17 divide 1831?
False
Is 255 a multiple of 62?
False
Is 18 a factor of 252?
True
Does 17 divide 432?
False
Is 9821 a multiple of 19?
False
Is 3 a factor of 715?
False
Is 14 a factor of 10486?
True
Is 3354 a multiple of 25?
False
Is 1128 a multiple of 4?
True
Is 8733 a multiple of 11?
False
Is 13 a factor of 35750?
True
Is 72 a factor of 3242?
False
Is 2201 a multiple of 31?
True
Is 34 a factor of 578?
True
Does 9 divide 1564?
False
Is 2142 a multiple of 51?
True
Is 2940 a multiple of 35?
True
Is 11 a factor of 297?
True
Is 18 a factor of 47?
False
Is 12 a factor of 929?
False
Is 215 a multiple of 12?
False
Is 70240 a multiple of 32?
True
Is 46 a factor of 4600?
True
Does 10 divide 4460?
True
Does 18 divide 2646?
True
Is 2544 a multiple of 16?
True
Is 11806 a multiple of 64?
False
Is 536 a multiple of 8?
True
Does 136 divide 5168?
True
Is 37774 a multiple of 202?
True
Does 4 divide 70?
False
Does 142 divide 10069?
False
Is 55963 a multiple of 191?
True
Is 15720 a multiple of 20?
True
Is 10223 a multiple of 129?
False
Is 18480 a multiple of 70?
True
Does 21 divide 5598?
False
Does 38 divide 1102?
True
Is 10657 a multiple of 52?
False
Is 85 a factor of 4342?
False
Is 14455 a multiple of 49?
True
Is 54565 a multiple of 35?
True
Does 51 divide 561?
True
Is 56 a factor of 45640?
True
Is 38 a factor of 4294?
True
Does 9 divide 5756?
False
Is 183 a multiple of 2?
False
Is 2464 a multiple of 77?
True
Is 1134 a multiple of 10?
False
Is 18 a factor of 35388?
True
Does 10 divide 14300?
True
Is 1106 a multiple of 9?
False
Does 20 divide 7663?
False
Does 4 divide 852?
True
Is 11096 a multiple of 76?
True
Does 176 divide 33088?
True
Is 270 a factor of 122281?
False
Is 15190 a multiple of 5?
True
Does 23 divide 12677?
False
Is 7131 a multiple of 18?
False
Does 145 divide 14529?
False
Does 4 divide 1073?
False
Is 171 a multiple of 24?
False
Is 10881 a multiple of 27?
True
Does 298 divide 34866?
True
Is 466 a multiple of 2?
True
Does 4 divide 24?
True
Is 54 a factor of 5721?
False
Is 37340 a multiple of 39?
False
Is 46 a factor of 1239?
False
Is 39 a factor of 3627?
True
Does 22 divide 2848?
False
Is 6 a factor of 367?
False
Is 837 a multiple of 93?
True
Does 30 divide 6150?
True
Is 8 a factor of 16?
True
Does 26 divide 62318?
False
Is 256 a multiple of 16?
True
Is 73 a factor of 73?
True
Is 407 a multiple of 2?
False
Does 65 divide 86645?
True
Is 50 a factor of 5247?
False
Is 13616 a multiple of 23?
True
Is 1897 a multiple of 37?
False
Does 12 divide 24360?
True
Is 6328 a multiple of 56?
True
Is 27 a multiple of 18?
False
Is 1102 a multiple of 54?
False
Is 21 a factor of 574?
False
Is 4 a factor of 68?
True
Is 47 a factor of 828?
False
Is 26 a factor of 6578?
True
Is 16 even?
True
Is 19560 a multiple of 201?
False
Is 108 a multiple of 12?
True
Does 6 divide 904?
False
Is 3 a factor of 220?
False
Is 83 a factor of 5541?
False
Does 51 divide 478?
False
Is 779 a multiple of 24?
False
Is 12 a factor of 973?
False
Does 12 divide 1452?
True
Is 34 a factor of 7072?
True
Does 30 divide 1740?
True
Is 29 a factor of 1450?
True
Is 86 a factor of 50870?
False
Is 76312 a multiple of 169?
False
Does 43 divide 153?
False
Does 66 divide 29898?
True
Does 10 divide 998?
False
Is 82 a factor of 1861?
False
Does 49 divide 4655?
True
Does 46 divide 1434?
False
Is 4466 a multiple of 31?
False
Does 106 divide 9093?
False
Does 23 divide 4546?
False
Is 12276 a multiple of 78?
False
Does 98 divide 26264?
True
Is 2 a factor of 889?
False
Does 55 divide 2475?
True
Does 9 divide 2579?
False
Is 156 a multiple of 43?
False
Is 72 a factor of 30024?
True
Is 764 a multiple of 60?
False
Does 14 divide 8834?
True
Does 61 divide 11071?
False
Does 9 divide 720?
True
Is 2355 a multiple of 15?
True
Does 13 divide 47?
False
Does 12 divide 16356?
True
Is 20 a factor of 2435?
False
Is 2641 a multiple of 31?
False
Is 3604 a multiple of 68?
True
Is 1867 a multiple of 19?
False
Does 17 divide 1809?
False
Does 35 divide 10292?
False
Does 5 divide 1645?
True
Does 37 divide 2146?
True
Is 994 a multiple of 71?
True
Is 754 a multiple of 12?
False
Does 92 divide 5336?
True
Is 111510 a multiple of 90?
True
Is 22 a multiple of 3?
False
Is 73 a factor of 730?
True
Is 14 a factor of 2611?
False
Is 39 a factor of 21621?
False
Does 3 divide 1016?
False
Is 2052 a multiple of 108?
True
Is 19955 a multiple of 10?
False
Is 656 a multiple of 41?
True
Is 189 a factor of 10584?
True
Is 40 a multiple of 20?
True
Is 38 a factor of 15390?
True
Does 24 divide 51656?
False
Is 21717 a multiple of 145?
False
Does 6 divide 6501?
False
Does 22 divide 295?
False
Does 3 divide 32?
False
Is 3864 a multiple of 42?
True
Is 3 a factor of 382?
False
Does 7 divide 1246?
True
Is 36 a factor of 1944?
True
Is 40 a factor of 5880?
True
Is 165 a multiple of 7?
False
Does 7 divide 44151?
False
Is 28819 a multiple of 33?
False
Is 264 a multiple of 33?
True
Does 24 divide 2813?
False
Is 151 a factor of 3171?
True
Is 44220 a multiple of 15?
True
Does 150 divide 836?
False
Is 2 a factor of 1575?
False
Does 14 divide 25441?
False
Does 6 divide 3672?
True
Does 304 divide 10401?
False
Does 36 divide 19854?
False
Is 8670 a multiple of 8?
False
Is 21 a factor of 5446?
False
Is 20 a factor of 6686?
False
Does 13 divide 360?
False
Does 2 divide 142?
True
Is 1197 a multiple of 9?
True
Is 1586 a multiple of 9?
False
Is 224 a multiple of 112?
True
Is 460 a multiple of 28?
False
Is 16 a factor of 19298?
False
Is 5160 a multiple of 15?
True
Is 108 a factor of 3863?
False
Does 35 divide 770?
True
Does 13 divide 15869?
False
Does 84 divide 14532?
True
Is 40086 a multiple of 153?
True
Does 33 divide 363?
True
Is 4781 a multiple of 14?
False
Is 26580 a multiple of 20?
True